
Suppose 30*h = -12*h + 714. Let z(v) = v**2 - 17*v + 19. Determine z(h).
19
Let u(b) = b + 1. Suppose 4*m + 19 + 53 = 0. Let f be m/(-15)*30/9. Suppose -4*y = o + 3*o + 32, 3*o = y + f. Determine u(y).
-6
Let y(v) be the third derivative of v**7/630 - v**6/720 + v**5/3 + 8*v**2. Let k(f) be the third derivative of y(f). What is k(-1)?
-9
Let s(g) = 5*g**3 + 2*g**2 + 4*g - 12. Let q(i) = -6*i**3 - 3*i**2 - 4*i + 13. Let z(k) = -6*q(k) - 7*s(k). Give z(-5).
1
Let n(g) = -6*g**3 - 43*g**2 + 5*g - 47. Let m(i) = -4*i**3 - 29*i**2 + 3*i - 32. Let h(w) = 7*m(w) - 5*n(w). Determine h(-6).
35
Let n(h) = 4*h**3 - h**2 - h - 1. Let u = -773 - -772. Determine n(u).
-5
Let g(i) = 5*i + 32. Let h be g(-6). Let y(s) = -10*s**3 + 2*s**2 + 4*s - 7. Let f(t) = 3*t**3 - t**2 - t + 2. Let u(j) = 7*f(j) + 2*y(j). Determine u(h).
-2
Let f(j) = -5*j. Suppose 278 = 2*g + 268. Determine f(g).
-25
Let d = 1410 + -1409. Let k(h) = 26*h - 1. Give k(d).
25
Let h(s) = -s + 4. Let a be 16/5*(5/(-2) - -5). Calculate h(a).
-4
Let q(y) be the third derivative of 0*y + 2*y**2 - 5/24*y**4 + 0 - y**3 + 1/60*y**5. Determine q(6).
0
Let c(s) = s**3 + 8*s**2 + 6*s + 7. Let z be -6 - (-17 - -11 - -7). What is c(z)?
14
Let f(p) = p**3 + 6*p**2 - 5*p + 7. Let l(t) = 4*t - 10. Let o be l(13). Let n = 12 + -8. Let v be ((-4)/6)/(n/o). What is f(v)?
-7
Let p(i) = i**2 - 5*i - 2. Let x = 21 + -19. Suppose -2*s - w + 10 = 0, x*w - 8 = -3*s + 5. Calculate p(s).
12
Let v = -672 + 677. Let z(c) = -c**3 + 4*c**2 + 3*c + 7. Give z(v).
-3
Let b(i) be the first derivative of -i**4/4 + i**2/2 + 8*i - 145. Calculate b(0).
8
Suppose 4*u = 20, -u = 5*a + 3*u - 50. Let h = 13 - 11. Let l(f) = 15*f**3 - 7 + f - 14*f**3 - 3*f**2 - 3*f**h. Calculate l(a).
-1
Let w = 10 + -14. Let a(u) be the second derivative of u**3/6 + 2*u**2 - 78*u. Calculate a(w).
0
Suppose -69*o - 6 = -c - 66*o, -7 = -3*c - 2*o. Let x(v) = -3*v**3 + 4*v**2 - v - 4. Give x(c).
-52
Let v(c) be the second derivative of c**5/10 - c**3/2 - 3*c**2/2 + 14*c - 3. Suppose 4*q = 2*b + 24, -4*b - 5*q + 2 = -15. Calculate v(b).
-13
Suppose 326 = -w + 328. Let i(s) = -s**2 + s - 4. Determine i(w).
-6
Let p = -2 + 4. Let x = -172 + 208. Let z(k) = -4*k + x - p*k - 35 - k. Determine z(-1).
8
Let o(g) = -6*g + 9. Let f(y) = 10*y - 7. Let v(m) = 2*f(m) + 3*o(m). Let u be 3/((-6)/20) + 1. Determine v(u).
-5
Let l(j) = j**3 - 2*j**2 - 18*j + 3. Let d(h) = h**3 - 2*h**2 - 15*h + 2. Let s(t) = -6*d(t) + 5*l(t). What is s(4)?
-29
Let b(h) be the third derivative of h**5/30 + h**4/24 - h**3/3 - 60*h**2 + 4. Determine b(-4).
26
Let u(z) be the first derivative of -z**3/3 - 7*z**2/2 + 13*z + 227. What is u(-9)?
-5
Let s = 121 - 125. Let i(q) = q**2. Let g(p) = 0*p - 3*p**2 + 0*p**2 + 5*p + 4. Let r(h) = g(h) + 4*i(h). Give r(s).
0
Let h(p) = -177*p**2 - 165*p**2 + 518*p**2 - 166*p**2. Determine h(1).
10
Let m(p) = p**2 + p - 1. Let q(i) = 21*i - 7. Let x be q(3). Let s = x + -59. Calculate m(s).
5
Suppose 18*f - 40 = 22*f. Let x be (5 + -1)/(-8)*f. Let h(w) = -w + 3. Give h(x).
-2
Let k(q) = 3*q**3 - 13*q**2 - 14*q - 8. Suppose -19*u = -28*u + 45. Let a(i) = -i**3 + 6*i**2 + 6*i + 4. Let s(w) = u*a(w) + 2*k(w). What is s(-3)?
7
Let u(n) = n**3 - n**2 + n - 1. Let c(i) = -7*i - 37*i**3 + 8 - i**2 + 32*i**3 + 10*i**2 + i. Let b(j) = c(j) + 6*u(j). What is b(-3)?
2
Suppose x = 10 - 7. Suppose -y - 125 = -5*v + y, x*v + 3*y - 75 = 0. Suppose 4*i - 3 = 3*s + 16, v = 5*i - 4*s. Let z(b) = -b - 1. Determine z(i).
-2
Suppose -4*u - 148 = -4*y, -3*u - 23 = 4*y - 150. Let d be -5 + ((-2)/(-3))/(7/105). Let j(n) = -4*n + d*n - y + 6*n + 28 + 4*n**2 - n**3. Determine j(5).
4
Let b(k) = -3*k - 5. Let n(r) = -2*r - 12. Let l be n(-7). Let u be (l/(-4))/(4/256). Let s = u - -27. What is b(s)?
10
Suppose -7*c + 4*c = 5*i - 18, -8 = -5*c - i. Let u(d) = 13*d**2. What is u(c)?
13
Let b(v) be the second derivative of -2*v**3/3 + 10*v**2 - 267*v. Calculate b(6).
-4
Let x be 30/14 + 3/(-21). Suppose 6*v = x*v - 24. Let r(z) = -z**2 - 4*z + 6. Determine r(v).
-6
Let r(p) = p**3 + p**2 + 2*p - 11. Let c be r(0). Let b(i) = i + 14. Calculate b(c).
3
Suppose -20*s + 16 = -24*s. Let q(c) = 3*c**2 - 5*c. Let l(g) = -g**2 + g - 1. Let b(i) = 4*l(i) + q(i). Determine b(s).
-16
Let x(f) be the second derivative of -f**7/840 - f**6/180 - f**5/60 - f**4/24 + 4*f**3/3 - 19*f. Let p(r) be the second derivative of x(r). Determine p(-1).
0
Let d be 12/2*(1 + 0). Let f(p) be the first derivative of -p**2/2 + 8*p + 1645. Calculate f(d).
2
Let s = 4 - -4. Suppose -3*c + 7 = -s. Let v(j) = 2*j - 17 + 11 + 3 - j**2. Calculate v(c).
-18
Let s(d) = -d**2 + 9*d + 4. Let f be s(8). Let w(v) = v**2 - 7*v + 24*v - 7*v - f*v - 2. Let a be 105/33 - (-3)/(-66)*4. What is w(a)?
1
Let m(i) = -5*i**2 - 5*i + 3. Let t(u) = -u**2 - u + 1. Suppose -4*c - 5 - 23 = 4*g, -4*g = 16. Let f(o) = c*t(o) + m(o). Suppose -11 = 4*b - 3. Give f(b).
-4
Let j = -18 + 22. Suppose 3*o - 7 = 5. Let t(c) = -c**2 + 0 + 0 + 5*c + o. What is t(j)?
8
Let n(u) = -u**3 + 3*u**2 + 5*u + 3. Let s be (-18)/(-2)*102/18. Suppose -s*m + 46*m = -25. Give n(m).
-22
Let d be (-1)/((28/(-8))/(-7)). Let o be (-5)/(-2)*12/30. Let k be (-3 - -7)/d - o. Let g(f) = f + 3. Calculate g(k).
0
Suppose 4*x = x - 5*s + 13, 0 = -4*x + s + 2. Let f(r) = 5*r + 1. Determine f(x).
6
Let u(s) = 2*s**2 + 3*s - 4. Suppose 6*x - 170 = x. Let i be 6/51 + (-106)/x. What is u(i)?
5
Let z(x) = 831*x - 832*x + 1 + 1. What is z(-6)?
8
Let a(u) be the third derivative of 1/24*u**4 + 5*u**2 + 5/6*u**3 + 0*u + 0. What is a(-3)?
2
Suppose -o + 12 = 5*i + 10, 3*o + 11 = 2*i. Let t(r) = -4 - 12*r**3 + 3 - r**2 - 3*r + 4*r. Determine t(i).
-13
Let q be (-225)/33 + (-27)/(-33) + -1. Let f(p) = p**2 + 6*p + 8. Calculate f(q).
15
Let f(r) be the second derivative of -r**4/12 - 7*r**3/6 + 11*r**2/2 - 258*r. Calculate f(-5).
21
Let v(r) = -20*r**2 - 38*r - 1. Let q(n) = 7*n**2 + 13*n. Let i(y) = -17*q(y) - 6*v(y). Determine i(-8).
14
Let h(d) = -d**3 + 8*d**2 - 6*d - 9. Let w(j) = 3*j**2 + 2*j - 1. Let f be w(-2). Determine h(f).
-2
Let f(k) = 4*k**2 - 7*k + 6. Let b(t) = -t**2 + t - 1. Let d = -116 + 115. Let s(m) = d*f(m) - 5*b(m). Give s(-4).
7
Let k(n) = -32 + 27 + 3*n**2 + 5 + n. Let i = -1 + 0. Give k(i).
2
Let w = -46 + 57. Suppose 0 = -7*f + w*f - 4. Let h(r) = 9*r + 1. Give h(f).
10
Suppose 3*k - 4*p = 21, -3*p + 4 = -2*k + 19. Let y(q) be the third derivative of 1/60*q**5 + 0 - 1/12*q**4 + 1/2*q**3 - 2*q**2 + 0*q. Give y(k).
6
Let n be (4/(-8))/(2/16). Let z(a) be the first derivative of a**4/4 + a**3 - 3*a**2/2 + 2*a + 92. What is z(n)?
-2
Suppose 53*h - 55*h = -6. Suppose 1 = q - h. Let r(b) = b**2 - 7*b + 5. What is r(q)?
-7
Let b(h) = -11*h**2 - 5*h - 3. Let q(y) = -13*y**2 - 7*y - 6. Let l(m) = 6*b(m) - 5*q(m). What is l(6)?
6
Let x(h) = -h**3 - 4*h**2 + 3*h. Suppose -4*z = -4*r, 0 = -2*z + 4*z - 10. Suppose 4*q + 45 = -r*u, 2*u + 5*q = -u - 40. What is x(u)?
10
Let h be (-2)/8 + (-5 - 55/20). Let t be (2/h)/(18/(-216)). Let k(g) = 2*g + 4. Calculate k(t).
10
Let z(b) = b. Let x(g) = -6*g + 2. Let f(o) = -x(o) - 10*z(o). Let m be f(-2). Let r(u) = 0*u**2 + u**2 - 5*u**2 - 3*u**2 - m*u - 1 - u**3. Determine r(-6).
-1
Let l(g) be the first derivative of g**3/3 - 7*g**2/2 - 6*g + 102. What is l(7)?
-6
Let n(k) = -k + 7. Suppose -5*o + 17 = -13. Let r be n(o). Let d(v) = -v**2 - r - 1 + 0*v - v - v. Determine d(-4).
-10
Let i(w) be the second derivative of -w**5/60 - w**4/24 + w**3/6 - w**2/2 - 5*w. Let t(j) be the first derivative of i(j). Let g = 3 - 2. Give t(g).
-1
Let q(n) = -5*n**3 + n**2 + 5*n - 1. Let d(j) = -9*j**3 - 2 - j**2 + 8*j**2 - 5*j**2 + 9*j. Let u(f) = 6*d(f) - 11*q(f). Let p = 789 + -787. What is u(p)?
9
Let l(v) = 19*v**2 - 12*v + 31. Let r(q) = -16*q**2 + 12*q - 31. Let n(o) = 5*l(o) + 6*r(o). Determine n(7).
4
Let f = 7 - 4. Let s(l) be the first derivative of l**4/4 - l**3 - l**2/2 + l + 156. What is s(f)?
-2
Let n(q) = 4*q + 77. Let g be n(-16). Let k(z) = -z**3 + 13*z**2 - z + 17. Give k(g).
4
Let k(i) = 6*i + 34. Suppose -4*j - 3*z - 18 = 0, -5*j + 2*j + 5*z = 28. Let p be k(j). Let g(s) = -s - 1. Give g(p).
1
Let f(g) = 6*g**3 - 3*g**2 + 8*g + 8. Let p(q) = q**3 + 2*q + 1. Let b(s) = f(s) - 5*p(s). Let c be 1/3 + 44/12. What is b(c)?
11
L